{"id":1159,"date":"2026-04-29T19:13:02","date_gmt":"2026-04-29T17:13:02","guid":{"rendered":"https:\/\/uniomusicalmuro.org\/?page_id=1159"},"modified":"2026-04-29T19:19:33","modified_gmt":"2026-04-29T17:19:33","slug":"ajuda-pla-recuperacio-trasnformacio-i-ressiliencia","status":"publish","type":"page","link":"https:\/\/uniomusicalmuro.org\/?page_id=1159","title":{"rendered":"AJUDA PLA RECUPERACI\u00d3 TRASNFORMACI\u00d3 I RESSILI\u00c8NCIA"},"content":{"rendered":"\n<figure class=\"wp-block-image size-large\"><img loading=\"lazy\" decoding=\"async\" width=\"1024\" height=\"704\" src=\"https:\/\/uniomusicalmuro.org\/wp-content\/uploads\/2026\/04\/Anexo03CARTEL_PROYECTOS_COMPONENTE_7RD1124-1-1024x704.jpg\" alt=\"\" class=\"wp-image-1163\" srcset=\"https:\/\/uniomusicalmuro.org\/wp-content\/uploads\/2026\/04\/Anexo03CARTEL_PROYECTOS_COMPONENTE_7RD1124-1-1024x704.jpg 1024w, https:\/\/uniomusicalmuro.org\/wp-content\/uploads\/2026\/04\/Anexo03CARTEL_PROYECTOS_COMPONENTE_7RD1124-1-300x206.jpg 300w, https:\/\/uniomusicalmuro.org\/wp-content\/uploads\/2026\/04\/Anexo03CARTEL_PROYECTOS_COMPONENTE_7RD1124-1-768x528.jpg 768w, https:\/\/uniomusicalmuro.org\/wp-content\/uploads\/2026\/04\/Anexo03CARTEL_PROYECTOS_COMPONENTE_7RD1124-1-1536x1056.jpg 1536w, https:\/\/uniomusicalmuro.org\/wp-content\/uploads\/2026\/04\/Anexo03CARTEL_PROYECTOS_COMPONENTE_7RD1124-1-2048x1408.jpg 2048w\" sizes=\"(max-width: 1024px) 100vw, 1024px\" \/><\/figure>\n\n\n\n<p>La Uni\u00f3 Musical de Muro ha rebut una ajuda dins del programa d\u2019incentius  per a la implantaci\u00f3 d\u2019instal\u00b7lacions d\u2019energies renovables t\u00e8rmiques  en diferents sectors de l\u2019economia, finan\u00e7at per la Uni\u00f3 Europea \u2013  NextGenerationEU, en el marc del Pla de Recuperaci\u00f3, Transformaci\u00f3 i  Resili\u00e8ncia.<br><br>L\u2019actuaci\u00f3 realitzada  consistix en la substituci\u00f3 de la climatitzadora existent per un equip  d\u2019aerot\u00e8rmia per a calefacci\u00f3 mitjan\u00e7ant els fancoils ja existents.<br>Esta  millora permet augmentar l\u2019efici\u00e8ncia energ\u00e8tica de les nostres  instal\u00b7lacions i reduir el consum energ\u00e8tic i l\u2019impacte ambiental.<br><br>La pot\u00e8ncia instal\u00b7lada \u00e9s de 25,0 kW.<br>La inversi\u00f3 total del projecte ha sigut de 16.608,00 euros.<br>L\u2019import de l\u2019ajuda concedida ascendix a 5.747,04 euros.<br>Esta actuaci\u00f3 s\u2019emmarca en el component C7:I1 del programa d\u2019ajudes regulat pel Reial decret 1124\/2021.<br><br>Amb esta intervenci\u00f3, la nostra entitat reafirma el seu comprom\u00eds amb la sostenibilitat, la modernitzaci\u00f3 de les instal\u00b7lacions i la millora del confort per a m\u00fasics, alumnat i usuaris. Continuem treballant per oferir espais m\u00e9s eficients, responsables i adaptats a les necessitats actuals. Agra\u00efm el suport rebut per fer possible esta actuaci\u00f3.<\/p>\n","protected":false},"excerpt":{"rendered":"<p>La Uni\u00f3 Musical de Muro ha rebut una ajuda dins del programa d\u2019incentius per a la&#8230;<\/p>\n","protected":false},"author":2,"featured_media":1168,"parent":0,"menu_order":0,"comment_status":"closed","ping_status":"closed","template":"","meta":{"footnotes":""},"_links":{"self":[{"href":"https:\/\/uniomusicalmuro.org\/index.php?rest_route=\/wp\/v2\/pages\/1159"}],"collection":[{"href":"https:\/\/uniomusicalmuro.org\/index.php?rest_route=\/wp\/v2\/pages"}],"about":[{"href":"https:\/\/uniomusicalmuro.org\/index.php?rest_route=\/wp\/v2\/types\/page"}],"author":[{"embeddable":true,"href":"https:\/\/uniomusicalmuro.org\/index.php?rest_route=\/wp\/v2\/users\/2"}],"replies":[{"embeddable":true,"href":"https:\/\/uniomusicalmuro.org\/index.php?rest_route=%2Fwp%2Fv2%2Fcomments&post=1159"}],"version-history":[{"count":4,"href":"https:\/\/uniomusicalmuro.org\/index.php?rest_route=\/wp\/v2\/pages\/1159\/revisions"}],"predecessor-version":[{"id":1173,"href":"https:\/\/uniomusicalmuro.org\/index.php?rest_route=\/wp\/v2\/pages\/1159\/revisions\/1173"}],"wp:featuredmedia":[{"embeddable":true,"href":"https:\/\/uniomusicalmuro.org\/index.php?rest_route=\/wp\/v2\/media\/1168"}],"wp:attachment":[{"href":"https:\/\/uniomusicalmuro.org\/index.php?rest_route=%2Fwp%2Fv2%2Fmedia&parent=1159"}],"curies":[{"name":"wp","href":"https:\/\/api.w.org\/{rel}","templated":true}]}}

AJUDA PLA RECUPERACIÓ TRASNFORMACIÓ I RESSILIÈNCIA

<figure class="wp-block-image size-large"><img loading="lazy" decoding="async" width="1024" height="704" src="https://uniomusicalmuro.org/wp-content/uploads/2026/04/Anexo03CARTEL_PROYECTOS_COMPONENTE_7RD1124-1-1024x704.jpg" alt="" class="wp-image-1163" srcset="https://uniomusicalmuro.org/wp-content/uploads/2026/04/Anexo03CARTEL_PROYECTOS_COMPONENTE_7RD1124-1-1024x704.jpg 1024w, https://uniomusicalmuro.org/wp-content/uploads/2026/04/Anexo03CARTEL_PROYECTOS_COMPONENTE_7RD1124-1-300x206.jpg 300w, https://uniomusicalmuro.org/wp-content/uploads/2026/04/Anexo03CARTEL_PROYECTOS_COMPONENTE_7RD1124-1-768x528.jpg 768w, https://uniomusicalmuro.org/wp-content/uploads/2026/04/Anexo03CARTEL_PROYECTOS_COMPONENTE_7RD1124-1-1536x1056.jpg 1536w, https://uniomusicalmuro.org/wp-content/uploads/2026/04/Anexo03CARTEL_PROYECTOS_COMPONENTE_7RD1124-1-2048x1408.jpg 2048w" sizes="(max-width: 1024px) 100vw, 1024px" /></figure>



<p>La Unió Musical de Muro ha rebut una ajuda dins del programa d’incentius  per a la implantació d’instal·lacions d’energies renovables tèrmiques  en diferents sectors de l’economia, finançat per la Unió Europea –  NextGenerationEU, en el marc del Pla de Recuperació, Transformació i  Resiliència.<br><br>L’actuació realitzada  consistix en la substitució de la climatitzadora existent per un equip  d’aerotèrmia per a calefacció mitjançant els fancoils ja existents.<br>Esta  millora permet augmentar l’eficiència energètica de les nostres  instal·lacions i reduir el consum energètic i l’impacte ambiental.<br><br>La potència instal·lada és de 25,0 kW.<br>La inversió total del projecte ha sigut de 16.608,00 euros.<br>L’import de l’ajuda concedida ascendix a 5.747,04 euros.<br>Esta actuació s’emmarca en el component C7:I1 del programa d’ajudes regulat pel Reial decret 1124/2021.<br><br>Amb esta intervenció, la nostra entitat reafirma el seu compromís amb la sostenibilitat, la modernització de les instal·lacions i la millora del confort per a músics, alumnat i usuaris. Continuem treballant per oferir espais més eficients, responsables i adaptats a les necessitats actuals. Agraïm el suport rebut per fer possible esta actuació.</p>

<p>La Unió Musical de Muro ha rebut una ajuda dins del programa d’incentius per a la&#8230;</p>
